{"id":13,"date":"2020-10-04T12:21:31","date_gmt":"2020-10-04T10:21:31","guid":{"rendered":"http:\/\/crkdr-nouvelleaquitaine.fr\/?page_id=13"},"modified":"2020-10-09T21:41:18","modified_gmt":"2020-10-09T19:41:18","slug":"jodo","status":"publish","type":"page","link":"https:\/\/crkdr-nouvelleaquitaine.fr\/index.php\/page-d-exemple\/jodo\/","title":{"rendered":"Jodo"},"content":{"rendered":"\n<figure><iframe loading=\"lazy\" width=\"560\" height=\"315\" src=\"https:\/\/www.youtube.com\/embed\/OHX8Ifu1VYs\" allowfullscreen=\"\"><\/iframe><\/figure>\n\n\n\n<p>Le <strong>Jodo<\/strong>, ou <strong>voie du b\u00e2ton japonais<\/strong>, est d\u00e9riv\u00e9 des combats auxquels se livraient, avec diff\u00e9rentes armes, les <strong>guerriers japonais, ou Samura\u00ef<\/strong>, dans les si\u00e8cles pass\u00e9s. Le Jodo peut \u00eatre pratiqu\u00e9 par toutes et par tous, partout, et surtout sans quasiment de limite d\u2019\u00e2ge.<\/p>\n\n\n\n<p>Le mot Jodo est form\u00e9 du caract\u00e8re Jo, qui signifie b\u00e2ton, et du caract\u00e8re Do, qui signifie la voie. <strong>Cette ancienne technique de combat, b\u00e2ton contre sabre, remonterait \u00e0 pr\u00e8s de cinq si\u00e8cles, selon la tradition<\/strong>. Ce fut le dernier Budo ou art martial japonais ouvert au grand public\u2026 Sa forme actuelle ne fut en effet codifi\u00e9e qu\u2019en 1968.<\/p>\n\n\n\n<p> L\u2019objectif physique et technique est de contr\u00f4ler un partenaire \/ adversaire qui cherche \u00e0 attaquer avec un sabre en bois, ou Bokken. <strong>Les terminaisons nerveuses ainsi que les points faibles du corps sont les cibles privil\u00e9gi\u00e9es<\/strong>. La pratique du Jodo n\u2019est <strong>jamais offensive<\/strong> car elle r\u00e9pond toujours \u00e0 une attaque du sabre. Mais n\u00e9anmoins le Jodo d\u00e9veloppe autant le corps que l\u2019esprit et <strong>renforce la vigilance et la combativit\u00e9<\/strong> des pratiquants. L\u2019un des grands int\u00e9r\u00eats du Jodo est que l\u2019on \u00e9tudie \u00e0 tour de r\u00f4le le c\u00f4t\u00e9 B\u00e2ton comme le c\u00f4t\u00e9 sabre. L\u2019entra\u00eenement se fait toujours sous forme de <strong>combats extr\u00eamement codifi\u00e9s<\/strong>, ou <strong>Kata<\/strong>. <\/p>\n","protected":false},"excerpt":{"rendered":"<p>Le Jodo, ou voie du b\u00e2ton japonais, est d\u00e9riv\u00e9 des combats auxquels se livraient, avec diff\u00e9rentes armes, les guerriers japonais, ou Samura\u00ef, dans les si\u00e8cles &hellip; <\/p>\n","protected":false},"author":1,"featured_media":0,"parent":2,"menu_order":4,"comment_status":"closed","ping_status":"closed","template":"","meta":{"footnotes":""},"class_list":["post-13","page","type-page","status-publish","hentry"],"yoast_head":"<!-- This site is optimized with the Yoast SEO plugin v15.1.1 - https:\/\/yoast.com\/wordpress\/plugins\/seo\/ -->\n<title>Jodo - CRKDR Nouvelle Aquitaine<\/title>\n<meta name=\"robots\" content=\"index, follow, max-snippet:-1, max-image-preview:large, max-video-preview:-1\" \/>\n<link rel=\"canonical\" href=\"https:\/\/crkdr-nouvelleaquitaine.fr\/index.php\/page-d-exemple\/jodo\/\" \/>\n<meta property=\"og:locale\" content=\"fr_FR\" \/>\n<meta property=\"og:type\" content=\"article\" \/>\n<meta property=\"og:title\" content=\"Jodo - CRKDR Nouvelle Aquitaine\" \/>\n<meta property=\"og:description\" content=\"Le Jodo, ou voie du b\u00e2ton japonais, est d\u00e9riv\u00e9 des combats auxquels se livraient, avec diff\u00e9rentes armes, les guerriers japonais, ou Samura\u00ef, dans les si\u00e8cles &hellip;\" \/>\n<meta property=\"og:url\" content=\"https:\/\/crkdr-nouvelleaquitaine.fr\/index.php\/page-d-exemple\/jodo\/\" \/>\n<meta property=\"og:site_name\" content=\"CRKDR Nouvelle Aquitaine\" \/>\n<meta property=\"article:modified_time\" content=\"2020-10-09T19:41:18+00:00\" \/>\n<meta name=\"twitter:card\" content=\"summary_large_image\" \/>\n<script type=\"application\/ld+json\" class=\"yoast-schema-graph\">{\"@context\":\"https:\/\/schema.org\",\"@graph\":[{\"@type\":\"WebSite\",\"@id\":\"https:\/\/crkdr-nouvelleaquitaine.fr\/#website\",\"url\":\"https:\/\/crkdr-nouvelleaquitaine.fr\/\",\"name\":\"CRKDR Nouvelle Aquitaine\",\"description\":\"Les escrimes japonaises \\u00e0 d\\u00e9couvrir en Nouvelle Aquitaine\",\"potentialAction\":[{\"@type\":\"SearchAction\",\"target\":\"https:\/\/crkdr-nouvelleaquitaine.fr\/?s={search_term_string}\",\"query-input\":\"required name=search_term_string\"}],\"inLanguage\":\"fr-FR\"},{\"@type\":\"WebPage\",\"@id\":\"https:\/\/crkdr-nouvelleaquitaine.fr\/index.php\/page-d-exemple\/jodo\/#webpage\",\"url\":\"https:\/\/crkdr-nouvelleaquitaine.fr\/index.php\/page-d-exemple\/jodo\/\",\"name\":\"Jodo - CRKDR Nouvelle Aquitaine\",\"isPartOf\":{\"@id\":\"https:\/\/crkdr-nouvelleaquitaine.fr\/#website\"},\"datePublished\":\"2020-10-04T10:21:31+00:00\",\"dateModified\":\"2020-10-09T19:41:18+00:00\",\"inLanguage\":\"fr-FR\",\"potentialAction\":[{\"@type\":\"ReadAction\",\"target\":[\"https:\/\/crkdr-nouvelleaquitaine.fr\/index.php\/page-d-exemple\/jodo\/\"]}]}]}<\/script>\n<!-- \/ Yoast SEO plugin. -->","_links":{"self":[{"href":"https:\/\/crkdr-nouvelleaquitaine.fr\/index.php\/wp-json\/wp\/v2\/pages\/13","targetHints":{"allow":["GET"]}}],"collection":[{"href":"https:\/\/crkdr-nouvelleaquitaine.fr\/index.php\/wp-json\/wp\/v2\/pages"}],"about":[{"href":"https:\/\/crkdr-nouvelleaquitaine.fr\/index.php\/wp-json\/wp\/v2\/types\/page"}],"author":[{"embeddable":true,"href":"https:\/\/crkdr-nouvelleaquitaine.fr\/index.php\/wp-json\/wp\/v2\/users\/1"}],"replies":[{"embeddable":true,"href":"https:\/\/crkdr-nouvelleaquitaine.fr\/index.php\/wp-json\/wp\/v2\/comments?post=13"}],"version-history":[{"count":3,"href":"https:\/\/crkdr-nouvelleaquitaine.fr\/index.php\/wp-json\/wp\/v2\/pages\/13\/revisions"}],"predecessor-version":[{"id":80,"href":"https:\/\/crkdr-nouvelleaquitaine.fr\/index.php\/wp-json\/wp\/v2\/pages\/13\/revisions\/80"}],"up":[{"embeddable":true,"href":"https:\/\/crkdr-nouvelleaquitaine.fr\/index.php\/wp-json\/wp\/v2\/pages\/2"}],"wp:attachment":[{"href":"https:\/\/crkdr-nouvelleaquitaine.fr\/index.php\/wp-json\/wp\/v2\/media?parent=13"}],"curies":[{"name":"wp","href":"https:\/\/api.w.org\/{rel}","templated":true}]}}